1?
-9314a
Convert 32530 (base 7) to base 15.
263a
822371 (base 9) to base 11
303111
-222555455 (base 6) to base 9
-7565848
27662404 (base 8) to base 6
341555232
What is 693a7 (base 11) in base 14?
287a9
130022303301 (base 4) to base 11
4193a35
What is -253797 (base 10) in base 16?
-3df65
Convert f3a46 (base 16) to base 3.
1212200221102
Convert 387a07b (base 12) to base 5.
10321024020
Convert c15 (base 14) to base 12.
1457
Convert 4031334 (base 8) to base 4.
10003023130
-b432b (base 12) to base 16
-397d3
What is -9748 (base 15) in base 10?
-32018
-132210405 (base 6) to base 8
-12020145
513250 (base 11) to base 2
11001001001101111010
What is 95169 (base 12) in base 4?
233232201
What is -5d737 (base 14) in base 2?
-110111111100110101
Convert 20a357 (base 12) to base 7.
4244515
What is 842843 (base 10) in base 12?
34790b
546213 (base 8) to base 14
4abc7
Convert -217cf (base 16) to base 3.
-20222011021
6142255 (base 7) to base 10
733129
-1133411100 (base 5) to base 6
-132314123
What is -664488 (base 9) in base 10?
-396980
40320 (base 5) to base 6
15545
Convert -11002121021122 (base 3) to base 2.
-1000010011011111101000
Convert 47a43 (base 12) to base 2.
10111100100010011
Convert 1497628 (base 11) to base 5.
1123320412
Convert 100000201001 (base 3) to base 5.
21141121
What is 110100101111001011 (base 2) in base 5?
23403021
Convert 111110110101101011100 (base 2) to base 8.
7665534
What is -11101010100110 (base 2) in base 5?
-440024
3330212103 (base 4) to base 15
156863
What is -11033122323 (base 4) in base 16?
-14f6bb
What is 8a91b (base 12) in base 16?
2d0a7
4212042141 (base 5) to base 7
133666460
Convert 1754142 (base 8) to base 6.
15004150
Convert -51d576 (base 15) to base 9.
-7282583
1cbb9 (base 15) to base 6
2002050
What is 25b82 (base 14) in base 4?
112222112
What is 647658 (base 9) in base 14?
a0a44
Convert 21160 (base 14) to base 2.
10011011111110000
Convert -176255 (base 8) to base 12.
-31525
1391845 (base 11) to base 16
24735f
What is -738ab2 (base 12) in base 9?
-3372708
What is 345242 (base 7) in base 4?
33012230
724116 (base 12) to base 10
1790370
What is -2b116 (base 16) in base 5?
-21121111
695a100 (base 11) to base 14
1889697
-31640 (base 12) to base 7
-360030
Convert -205522525 (base 6) to base 9.
-6748668
-22100607 (base 8) to base 11
-2756074
Convert 1261602 (base 7) to base 2.
101000100110100100
Convert -144728 (base 11) to base 12.
-aa820
Convert 3095159 (base 10) to base 6.
150201235
Convert -5b80c8 (base 14) to base 10.
-3133824
-202002101 (base 4) to base 11
-95816
ba4e (base 16) to base 11
32919
What is -20423443 (base 5) in base 12?
-82802
-14a84b (base 13) to base 15
-a0bd2
-12947 (base 13) to base 7
-202454
Convert -6a510 (base 13) to base 9.
-325341
-12130112 (base 8) to base 2
-1010001011000001001010
What is 101010000111011001 (base 2) in base 12?
839b5
What is -11101111010111100111000 (base 2) in base 16?
-77af38
100010101011010100000 (base 2) to base 6
40204332
Convert -6cd3b0 (base 15) to base 6.
-303345133
Convert -514445335 (base 6) to base 2.
-100001111101010111111011
28aab (base 14) to base 15
1ed65
1531515 (base 6) to base 10
89831
2254875 (base 10) to base 16
22681b
Convert -5637154 (base 10) to base 6.
-320453534
What is 187c4 (base 14) in base 8?
170730
-985b76 (base 14) to base 2
-10011101100101011001100
What is -111000100010111001101 (base 2) in base 12?
-754325
What is 1364e (base 16) in base 3?
11000222011
Convert 145425 (base 14) to base 3.
1022212111002
-13342416 (base 7) to base 15
-196990
91153 (base 14) to base 12
1499b1
What is -1103220 (base 5) in base 14?
-6dc5
-30004505 (base 6) to base 5
-203401412
-12121231311 (base 4) to base 15
-23239c
-3baa71 (base 15) to base 3
-12101212102021
-214341401 (base 5) to base 10
-933976
What is eed4a (base 15) in base 14?
15a85d
What is -102011220021 (base 3) in base 4?
-311232310
Convert 7886163 (base 9) to base 6.
231025303
1041404042 (base 5) to base 15
304bb7
-200045531 (base 6) to base 14
-6387cb
Convert 102211200112 (base 3) to base 2.
111000111001011011
Convert 21310322030 (base 4) to base 10.
2576012
What is -2022100122 (base 4) in base 2?
-10001010010000011010
What is -330103012 (base 4) in base 15?
-4d2a7
Convert 5308035 (base 10) to base 16.
50fe83
Convert -20150101 (base 8) to base 4.
-100031001001
Convert 140912 (base 12) to base 10.
333086
2d3aa (base 15) to base 14
3b29a
Convert -171641 (base 16) to base 3.
-2211212110222
1044300021 (base 5) to base 10
2337511
Convert 577241 (base 8) to base 2.
101111111010100001
What is -121212202002 (base 3) in base 8?
-1210715
-466531 (base 7) to base 10
-83959
-4787d7 (base 14) to base 11
-141a005
Convert 4daae (base 15) to base 11.
15aa12
Convert -1134013040 (base 5) to base 4.
-22010323231
85645 (base 11) to base 16
1e68e
59813 (base 12) to base 8
353117
-100101110111100 (base 2) to base 8
-45674
ef9 (base 16) to base 7
14114
What is 10605205 (base 7) in base 14?
1a1775
What is -b91488 (base 14) in base 3?
-102210022120221
What is -814299 (base 13) in base 5?
-1232230112
1ab9099 (base 13) to base 9
17624517
Convert 321141204 (base 6) to base 4.
111211200010
Convert 45751 (base 14) to base 8.
511573
Convert 2211022200022 (base 3) to base 15.
1ea18e
What is -163557 (base 12) in base 3?
-201021012011
56024510 (base 7) to base 16
49b353
Convert -110110010110000110 (base 2) to base 14.
-5b19c
-5020521 (base 7) to base 16
-90d9b
-3103120110 (base 4) to base 6
-30320220
Convert -100111110111111000101011 (base 2) to base 6.
-1012011151
What is 321010 (base 6) in base 16?
661e
Convert 11000111001001101011000 (base 2) to base 16.
639358
What is -41011420 (base 5) in base 12?
-13a475
1677337 (base 10) to base 7
20154124
-1666552 (base 7) to base 16
-396e5
What is -83517 (base 11) in base 10?
-121744
What is -293314 (base 10) in base 11?
-19040a
Convert -134144423 (base 5) to base 14.
-140b6a
What is -1011111011011001101 (base 2) in base 13?
-108ba3
Convert -1032367 (base 8) to base 7.
-2225541
Convert -642721 (base 8) to base 7.
-1552211
Convert -4066346 (base 7) to base 15.
-9957b
Convert -2213331112 (base 4) to base 7.
-5563465
110305 (base 8) to base 6
443325
-c4486 (base 15) to base 7
-5200326
What is -101100010101100 (base 2) in base 3?
-1011010202
-10130232002 (base 4) to base 14
-22500a
What is -4a4854 (base 11) in base 10?
-796965
20321502 (base 6) to base 11
370460
1d05a (base 16) to base 12
58962
What is -36540c (base 16) in base 11?
-2012032
Convert -61917 (base 14) to base 15.
-49985
What is 34321233 (base 5) in base 12?
12a091
What is 1299516 (base 13) in base 4?
112103200221
What is -3e87a3 (base 15) in base 16?
-2e03b3
Convert 62d6b (base 14) to base 6.
5040431
Convert 25660223 (base 8) to base 9.
11687066
What is -98867 (base 10) in base 4?
-120020303
What is -53502141 (base 6) in base 13?
-433942
What is -111000000000000100 (base 2) in base 6?
-4525540
Convert 349725 (base 12) to base 3.
1120222112102
-9c9ca (base 15) to base 12
-200484
What is -12001122001 (base 3) in base 15?
-1e7a4
11000100110001100101 (base 2) to base 9
1457543
What is 1258604 (base 10) in base 9?
2327428
Convert -60a7b (base 15) to base 6.
-10321112
-1121012002011 (base 3) to base 8
-3174230
Convert 32440444 (base 5) to base 9.
467103
620025 (base 11) to base 14
1bcb95
Convert 12000120010 (base 3) to base 14.
2802b
Convert 3aa4 (base 14) to base 15.
30e1
What is 109da (base 15) in base 2?
1100111001110111
What is 4a2c9 (base 13) in base 4?
201120031
What is -496c87 (base 14) in base 3?
-11201211021021
What is 110401 (base 13) in base 10?
400531
Convert 110100111110001011 (base 2) to base 9.
360558
Convert 268951 (base 11) to base 12.
184091
What is -327734 (base 13) in base 8?
-4417426
-122033433 (base 6) to base 2
-1000111010101011011101
What is 1100010000011100 (base 2) in base 8?
142034
Convert -1260410 (base 8) to base 15.
-6e6b5
Convert -20157 (base 13) to base 9.
-86616
What is -341324434 (base 5) in base 3?
-2211210001000
What is -993978 (base 12) in base 4?
-21101322230
Convert -c2a86 (base 14) to base 10.
-468558
Convert 11adda (base 15) to base 10.
846880
-1203231 (base 5) to base 8
-53454
-7233447 (base 9) to base 2
-1110101110011111000110
-25564504 (base 7) to base 4
-20322022201
Convert 132414133 (base 5) to base 